 3*l - s - 19 = 0. Calculate the remainder when 19 is divided by l.
9
Suppose -244 = -o - i, -2*i = 3*o - 2*o - 248. Suppose -32*k + o = -27*k. Calculate the remainder when k is divided by 17.
14
Suppose -p + 257 = -3*x + 6*x, 0 = -5*p - 5. What is the remainder when x is divided by 15?
11
What is the remainder when 1151 is divided by 17/((-170)/(-380)) + -2?
35
Let c(v) = 3*v + 4. Let t be 4 + 3/(-3) + -1. Suppose 5*l - 315 = 5*q, t*l - 5*q - 71 = 58. What is the remainder when l is divided by c(4)?
14
Suppose 2166 = 14*q - 648. Calculate the remainder when q is divided by 68.
65
Let f be (9/6)/(3/(-8)) + -4. Let h = 59 + f. What is the remainder when 101 is divided by h?
50
Suppose s - 3054 = -20*v + 16*v, -3*s = 2*v - 1532. What is the remainder when v is divided by 15?
13
Let m be 3 - 1 - (-8 - 61). Let w = 138 - m. What is the remainder when w is divided by 14?
11
Suppose 3*o - 3 = -3*y + 33, 3*o = y + 16. Let z(f) = f**3 - 2*f**2 + 2*f - 1. Let g be z(2). Calculate the remainder when 31 is divided by (-3)/(o/((-77)/g)).
9
Let r = 17 - 8. Suppose -51*j + 47*j + 84 = 5*l, l - 18 = -2*j. Calculate the remainder when l is divided by r.
7
Suppose -5*q = -d - 0*q + 22, -2*q + 22 = 4*d. Let t = 80 + -30. Suppose 3*p = 8*p + k - t, 2*p - 17 = -k. What is the remainder when p is divided by d?
4
Suppose -3*i = -8 - 7. Suppose -5*r = 4*z - 23, -5*z = i*r - 2*z - 26. Calculate the remainder when 39 is divided by r.
4
What is the remainder when -3*42/18 + 35 is divided by 6?
4
Suppose 5*k = 4*k + 2*v - 5, 10 = -3*k + 5*v. Suppose k*s = s + 4. What is the remainder when 3 is divided by s?
0
Let j(z) = -2*z + 1. Let q be j(-4). Suppose q*f - 442 = 413. What is the remainder when f is divided by 32?
31
Let d(n) = 5*n**2 - 24*n + 2. Calculate the remainder when d(6) is divided by 14.
10
Let x(y) = -y**3 - 4*y**2 - 4*y + 3. Let t = 33 + -37. What is the remainder when 53 is divided by x(t)?
15
Let w = -265 - -321. Suppose 6*j - 22 - 68 = 0. What is the remainder when w is divided by j?
11
Let a(k) = k - 2. Calculate the remainder when 2/10 + 258/10 is divided by a(13).
4
Suppose 8*k = 297 - 33. What is the remainder when 46 is divided by k?
13
Let m = 79 + -54. Suppose -3*a = 6, -11*a = -5*v - 14*a + 59. What is the remainder when m is divided by v?
12
Let l be ((-20)/(-2))/(2/(-4)). Let o = l - -24. Calculate the remainder when 26 is divided by 2/(-8) + 37/o.
8
Suppose 0 = 33*w + 526 - 2011. What is the remainder when 89 is divided by w?
44
Suppose -31*g + 7 = 69. Let p(v) = -566*v - 6. Let h be p(6). What is the remainder when (g/(-3))/((-28)/h) is divided by 28?
25
What is the remainder when 271 is divided by (3/(6/(-4)))/((-74)/629)?
16
Let t = 104 - -134. What is the remainder when t is divided by 30?
28
Suppose -2067 = 19*i - 22*i. What is the remainder when i is divided by 30?
29
Let i(z) = 2*z - 1. Suppose s - 125 - 1 = 0. Let h = s + -95. Calculate the remainder when h is divided by i(5).
4
Let o(w) = 1 + 2*w - w - 2 + 12. Calculate the remainder when o(9) is divided by 7.
6
Let z(v) = -92*v + 19. What is the remainder when z(-5) is divided by 16?
15
Let z = 311 + -287. What is the remainder when 210 is divided by z?
18
Calculate the remainder when 341*1 - (3 - (5 - 8)) is divided by 108.
11
Let a(i) = i + 9. Let n = 1 - -7. Let j(k) = k**3 - 7*k**2 - 6*k + 1. What is the remainder when j(n) is divided by a(0)?
8
Suppose -9*w + 291 - 21 = 0. Calculate the remainder when 176 is divided by w.
26
Suppose 0 = w - 4*r + 5, w + 4*r - 30 + 11 = 0. Suppose -2*i + 16 = 4*x, 3*i - 2*i + 3*x = 11. What is the remainder when w is divided by i?
1
Suppose 4*u - 8*u + 464 = 0. Suppose c - 5*c + u = 0. Let l(a) = 9*a**2 + 3*a + 2. What is the remainder when c is divided by l(-1)?
5
Suppose 53*s - 1020 = -7*s. Calculate the remainder when 742 is divided by s.
11
Calculate the remainder when -57*((5 - 1) + -1 - 5) is divided by 12.
6
Suppose 0*k + 50 = 3*f + 2*k, 16 = 4*k. Suppose -31*o + 60 + 95 = 0. What is the remainder when f is divided by o?
4
Let u(t) = -17*t - 213. What is the remainder when (34/(-4))/((-10)/100) is divided by u(-14)?
10
Suppose 0 = 5*w - 48*k + 47*k - 132, -4*k = 3*w - 70. Calculate the remainder when 329 is divided by w.
17
Let r be 68/(-6) - (-4)/(-6). Suppose -3*q = -3, 231 = 5*n - 4*q - 0*q. Let p = r + n. Calculate the remainder when p is divided by 12.
11
Let l = 24 - 3. Suppose -14*n + 35 + 119 = 0. Calculate the remainder when l is divided by n.
10
Suppose -105*l - v = -102*l - 802, 805 = 3*l + 4*v. Calculate the remainder when 278 is divided by l.
11
Suppose x - 2*y = -16, 3*y + 12 = 5*x + 71. Let g = 20 + x. Suppose -4*n + 20 = 4*u, 4*u = n - 2*n - g. Calculate the remainder when 29 is divided by n.
9
Suppose -4*d - d = -850. Suppose 5*a - 701 = -2*c + 126, -5*c = a - d. Calculate the remainder when a is divided by 28.
25
Suppose 4*m + 82 = 2*q, -4*q + m = -m - 170. Let s = 19 - 8. Calculate the remainder when q is divided by s.
10
Let q be (-5)/(-2) - 3/6. Suppose 10 = 2*j + q. Let c = -245 - -256. Calculate the remainder when c is divided by j.
3
Calculate the remainder when 259 is divided by 124/310 + (-143)/(-5).
27
Suppose -5*u + 25 = 0, -15 = -3*k - 4*u + 11. Suppose -k*g = g. Suppose p + p - 30 = g. Calculate the remainder when p is divided by 6.
3
Calculate the remainder when 129 is divided by 622/14 + (81/7 - 11).
39
Let x = 28 + 4. Suppose 8 - x = 4*y. Calculate the remainder when 6 is divided by y*1/8*-4.
0
Let j(w) = 2*w + 8. Let c(v) = -1. Let m(d) = 3*c(d) + j(d). Let i = 2 + 5. What is the remainder when m(i) is divided by 5?
4
Let i = 1859 + -1838. What is the remainder when 317 is divided by i?
2
Let s(c) = c**3 - c**2 + 4*c + 448. What is the remainder when s(0) is divided by 91?
84
Let a(t) = t**2 - 4*t - 3. Let n be a(-2). Let w be (4 + -3)*1*n. Suppose 0 = w*m - 11*m + 196. Calculate the remainder when m is divided by 25.
23
Let u(m) = 5*m**3 - m**2 + m - 1. Let p be (-12)/(-15)*15/6. Let y = 70 - 60. Calculate the remainder when u(p) is divided by y.
7
Let n = -791 - -969. What is the remainder when n is divided by 18?
16
Suppose -2*u - 94 - 2 = 0. Let j = -38 - u. Suppose 112 = -2*y + 6*y. What is the remainder when y is divided by j?
8
Let l = -129 - -50. Let n = 82 + l. Calculate the remainder when n is divided by 3.
0
Suppose 0 = 5*a + r - 155, 4*a - a - 3*r - 75 = 0. Calculate the remainder when 385 is divided by a.
25
Let h = 8 - 4. Suppose -h*z = 5*j - 38, z - 27 = -4*z + 4*j. Suppose 0 = 4*o - 1 - z. Calculate the remainder when 3 is divided by o.
1
Suppose 0 = -4*g + 2*g + 8. Suppose -6*q + 4*q + g = 0. What is the remainder when 52 is divided by 81/(1 + q)*1?
25
Suppose -3*a = a - 96. Suppose 5*w + 127 = -733. Let r = w - -266. Calculate the remainder when r is divided by a.
22
Suppose 3*m - 12 - 9 = 0. Let g = 18 + m. What is the remainder when g is divided by 9?
7
Let v = -369 - -389. What is the remainder when v is divided by 4?
0
Let m(n) = -n**3 - 4*n**2 - 4*n - 5. Let i(j) = -2*j + 5. Let b be i(5). Let w be m(b). Suppose 5*x - 10 = w. What is the remainder when 37 is divided by x?
7
Let o(g) = 63*g - 9. Let j(c) = -31*c + 4. Let k(h) = -9*j(h) - 4*o(h). What is the remainder when k(1) is divided by 7?
6
Let r(m) = m**3 - 8*m**2 + 3*m + 30. Let t be r(7). What is the remainder when (-46 + -2)/(6/(-8)*t) is divided by 5?
2
Suppose -6*y - 25 = -11*y. Calculate the remainder when (55/(-4))/(-1) - (-138)/(-184) is divided by y.
3
Let z = 15 - 8. Let q(s) be the third derivative of s**4/12 - 7*s**3/6 - 21*s**2. What is the remainder when 26 is divided by q(z)?
5
Calculate the remainder when 182/14 + 1 + 5 is divided by 11.
8
Let h = -541 - -598. Calculate the remainder when 510 is divided by h.
54
Let q(y) = 48*y - 1. Let t be q(1). Suppose 0 = -5*g - 0*m + m + 110, 2*g - m = t. Let a = -70 - -111. Calculate the remainder when a is divided by g.
20
Let x be 0 + -1 + ((-6)/(-3) - -9). Suppose -2*v + 588 = x*v. Calculate the remainder when v is divided by 26.
23
What is the remainder when 353/4*2 + (-24)/(-48) is divided by 55?
12
Let d = -31 + 18. Let x = d + 18. Let n(m) = -m**2 + 113*m + 2371. Calculate the remainder when n(131) is divided by x.
3
Let v(m) = m + 66. What is the remainder whe